{"id":9,"date":"2015-03-22T19:09:33","date_gmt":"2015-03-22T19:09:33","guid":{"rendered":"http:\/\/rutaglaciares.cl\/portal\/?page_id=9"},"modified":"2016-01-27T10:56:42","modified_gmt":"2016-01-27T10:56:42","slug":"inicio","status":"publish","type":"page","link":"https:\/\/rutaglaciares.cl\/portal\/","title":{"rendered":"Inicio"},"content":{"rendered":"<h2 style=\"text-align: center;\">Atr\u00e9vete, descubre y vive una experiencia de turismo en la Patagonia Chilena<\/h2>\n<div id=\"g1-table-1\" class=\"g1-table g1-table--simple \">\n<table border=\"0\" width=\"100%\" cellspacing=\"0\" cellpadding=\"0\">\n<tbody>\n<tr>\n<td align=\"left\" valign=\"middle\"><a href=\"http:\/\/rutaglaciares.cl\/portal\/?cat=32\"><img decoding=\"async\" loading=\"lazy\" class=\"alignnone wp-image-109\" src=\"http:\/\/rutaglaciares.cl\/portal\/wp-content\/uploads\/2015\/03\/alojamiento.png\" alt=\"alojamiento\" width=\"45\" height=\"45\" \/>Alojamientos<\/a><\/td>\n<td><a href=\"http:\/\/rutaglaciares.cl\/portal\/?cat=34\"><img decoding=\"async\" loading=\"lazy\" class=\"alignnone wp-image-116\" src=\"http:\/\/rutaglaciares.cl\/portal\/wp-content\/uploads\/2015\/03\/alimentacion.png\" alt=\"alimentacion\" width=\"45\" height=\"45\" \/>Alimentaci\u00f3n<\/a><\/td>\n<td valign=\"middle\"><a href=\"http:\/\/rutaglaciares.cl\/portal\/?cat=37\"><img decoding=\"async\" loading=\"lazy\" class=\"alignnone wp-image-118\" src=\"http:\/\/rutaglaciares.cl\/portal\/wp-content\/uploads\/2015\/03\/excursiones.png\" alt=\"excursiones\" width=\"45\" height=\"45\" \/>Excursiones<\/a><\/td>\n<td valign=\"middle\"><a href=\"http:\/\/rutaglaciares.cl\/portal\/?cat=38\"><img decoding=\"async\" loading=\"lazy\" class=\"alignnone wp-image-114\" src=\"http:\/\/rutaglaciares.cl\/portal\/wp-content\/uploads\/2015\/03\/transporte.png\" alt=\"transporte\" width=\"45\" height=\"45\" \/>Transporte<\/a><\/td>\n<td valign=\"middle\"><a href=\"http:\/\/rutaglaciares.cl\/portal\/?cat=30\"><img decoding=\"async\" loading=\"lazy\" class=\"alignnone wp-image-117\" src=\"http:\/\/rutaglaciares.cl\/portal\/wp-content\/uploads\/2015\/03\/abastecimiento2.png\" alt=\"abastecimiento2\" width=\"45\" height=\"45\" \/>Abastecimiento<\/a><\/td>\n<\/tr>\n<tr>\n<td align=\"left\" valign=\"middle\"><a href=\"http:\/\/rutaglaciares.cl\/portal\/?cat=35\"><img decoding=\"async\" loading=\"lazy\" class=\"alignnone wp-image-111\" src=\"http:\/\/rutaglaciares.cl\/portal\/wp-content\/uploads\/2015\/03\/artesania.png\" alt=\"artesania\" width=\"45\" height=\"45\" \/>Artesan\u00eda<\/a><\/td>\n<td align=\"left\" valign=\"middle\"><a href=\"http:\/\/rutaglaciares.cl\/portal\/?cat=39\"><img decoding=\"async\" loading=\"lazy\" src=\"http:\/\/rutaglaciares.cl\/portal\/wp-content\/uploads\/2015\/03\/deporte_aventura.png\" alt=\"deporte_aventura\" width=\"45\" height=\"45\" \/>Turismo aventura<\/a><\/td>\n<td valign=\"middle\"><a href=\"http:\/\/rutaglaciares.cl\/portal\/?cat=36\"><img decoding=\"async\" loading=\"lazy\" class=\"alignnone wp-image-120\" src=\"http:\/\/rutaglaciares.cl\/portal\/wp-content\/uploads\/2015\/03\/atractivo.png\" alt=\"atractivo\" width=\"45\" height=\"45\" \/>Atractivos<\/a><\/td>\n<td valign=\"middle\"><a href=\"http:\/\/rutaglaciares.cl\/portal\/?cat=28\"><img decoding=\"async\" loading=\"lazy\" class=\"alignnone wp-image-119\" src=\"http:\/\/rutaglaciares.cl\/portal\/wp-content\/uploads\/2015\/03\/rutas1.png\" alt=\"rutas\" width=\"45\" height=\"45\" \/>Rutas<\/a><\/td>\n<td valign=\"middle\"><a href=\"http:\/\/rutaglaciares.cl\/portal\/?cat=33\"><img decoding=\"async\" loading=\"lazy\" class=\"alignnone wp-image-115\" src=\"http:\/\/rutaglaciares.cl\/portal\/wp-content\/uploads\/2015\/03\/agencia_viajes2.png\" alt=\"agencia_viajes2\" width=\"45\" height=\"45\" \/>Agencias de viajes<\/a><\/td>\n<\/tr>\n<\/tbody>\n<\/table>\n<\/div>\n<span id=\"g1-space-1\" class=\"g1-space \" style=\"height:1.5em;\"><\/span>\n<h2><a href=\"http:\/\/rutaglaciares.cl\/portal\/?post_type=g1_work\">Ver\u00a0Galer\u00eda de Im\u00e1genes<\/a><\/h2>\n<div id=\"g1-custom-posts-shortcode-1\" class=\"g1-custom-posts-shortcode g1-shortcode \">\n\n<!-- BEGIN: .g1-collection -->\n<div class=\"g1-collection g1-collection--grid g1-collection--one-fourth g1-collection--gallery g1-effect-none\">\n    <ul><!-- --><li class=\"g1-collection__item\">\n        <article itemscope itemtype=\"http:\/\/schema.org\/BlogPosting\" id=\"post-1287\" class=\"post-1287 g1_work type-g1_work status-publish format-image has-post-thumbnail g1_work_category-caleta-tortel g1_work_category-destacadas g1-brief\">\n    <figure class=\"entry-featured-media\" data-id=\"1287\" data-big=\"https:\/\/rutaglaciares.cl\/portal\/wp-content\/uploads\/2015\/04\/IMG_2389.jpg\"><a href=\"https:\/\/rutaglaciares.cl\/portal\/wp-content\/uploads\/2015\/04\/IMG_2389.jpg\" id=\"g1-frame-1\" class=\"g1-frame g1-frame--none g1-frame--inherit g1-frame--center \"><span class=\"g1-decorator\">\n\t\t\t\t<img width=\"239\" height=\"134\" src=\"https:\/\/rutaglaciares.cl\/portal\/wp-content\/uploads\/2015\/04\/IMG_2389-239x134.jpg\" class=\"attachment-g1_one_fourth size-g1_one_fourth wp-post-image\" alt=\"\" decoding=\"async\" loading=\"lazy\" srcset=\"https:\/\/rutaglaciares.cl\/portal\/wp-content\/uploads\/2015\/04\/IMG_2389-239x134.jpg 239w, https:\/\/rutaglaciares.cl\/portal\/wp-content\/uploads\/2015\/04\/IMG_2389-482x271.jpg 482w, https:\/\/rutaglaciares.cl\/portal\/wp-content\/uploads\/2015\/04\/IMG_2389-320x180.jpg 320w\" sizes=\"(max-width: 239px) 100vw, 239px\" \/>\n\t\t\t\t<span class=\"g1-indicator g1-indicator-document\"><\/span>\n<\/span><\/a><\/figure>\n    <div class=\"g1-nonmedia\">\n        <div class=\"g1-inner\">\n            <header class=\"entry-header\">\n                <h3><a href=\"https:\/\/rutaglaciares.cl\/portal\/?g1_work=comuna-de-tortel-pasarela-costanera-en-caleta-tortel-en-ella-se-aprecia-una-de-las-particulares-plazas-de-la-caleta-en-este-caso-plaza-elicura\" title=\"Comuna de Tortel.  Pasarela \u201ccostanera\u201d en Caleta Tortel.  En ella se aprecia una de las particulares \u201cplazas\u201d de la caleta, en este caso, plaza Elicura\" >Comuna de Tortel.  Pasarela \u201ccostanera\u201d en Caleta Tortel.  En ella se aprecia una de las particulares \u201cplazas\u201d de la caleta, en este caso, plaza Elicura<\/a><\/h3>                            <\/header><!-- .entry-header -->\n\n            \n            <footer class=\"entry-footer\">\n                \n                            <\/footer><!-- .entry-footer -->\n        <\/div>\n        <div class=\"g1-01\"><\/div>\n    <\/div>\n\n<\/article><!-- .post-XX -->    <\/li><!-- --><li class=\"g1-collection__item\">\n        <article itemscope itemtype=\"http:\/\/schema.org\/BlogPosting\" id=\"post-1058\" class=\"post-1058 g1_work type-g1_work status-publish format-standard has-post-thumbnail g1_work_category-destacadas g1-brief\">\n    <figure class=\"entry-featured-media hhh\" data-id=\"1058\" data-big=\"https:\/\/rutaglaciares.cl\/portal\/wp-content\/uploads\/2015\/04\/IMG_3147.jpg\">\n<a href=\"https:\/\/rutaglaciares.cl\/portal\/?g1_work=38\" id=\"g1-frame-2\" class=\"g1-frame g1-frame--none g1-frame--inherit g1-frame--center \"><span class=\"g1-decorator\">\n\t\t\t\t<img width=\"239\" height=\"134\" src=\"https:\/\/rutaglaciares.cl\/portal\/wp-content\/uploads\/2015\/04\/IMG_3147-239x134.jpg\" class=\"attachment-g1_one_fourth size-g1_one_fourth wp-post-image\" alt=\"\" decoding=\"async\" loading=\"lazy\" srcset=\"https:\/\/rutaglaciares.cl\/portal\/wp-content\/uploads\/2015\/04\/IMG_3147-239x134.jpg 239w, https:\/\/rutaglaciares.cl\/portal\/wp-content\/uploads\/2015\/04\/IMG_3147-482x271.jpg 482w, https:\/\/rutaglaciares.cl\/portal\/wp-content\/uploads\/2015\/04\/IMG_3147-320x180.jpg 320w\" sizes=\"(max-width: 239px) 100vw, 239px\" \/>\n\t\t\t\t<span class=\"g1-indicator g1-indicator-document\"><\/span>\n<\/span><\/a>\n<\/figure>\n    <div class=\"g1-nonmedia\">\n        <div class=\"g1-inner\">\n            <header class=\"entry-header\">\n                <h3><a href=\"https:\/\/rutaglaciares.cl\/portal\/?g1_work=38\" title=\"Comuna de O`Higgins. Detalle del frente del glaciar O\u2019Higgins, cayendo al lago hom\u00f3nimo\" >Comuna de O`Higgins. Detalle del frente del glaciar O\u2019Higgins, cayendo al lago hom\u00f3nimo<\/a><\/h3>                            <\/header><!-- .entry-header -->\n\n            \n            <footer class=\"entry-footer\">\n                \n                            <\/footer><!-- .entry-footer -->\n        <\/div>\n        <div class=\"g1-01\"><\/div>\n    <\/div>\n\n<\/article><!-- .post-XX -->    <\/li><!-- --><li class=\"g1-collection__item\">\n        <article itemscope itemtype=\"http:\/\/schema.org\/BlogPosting\" id=\"post-990\" class=\"post-990 g1_work type-g1_work status-publish format-standard has-post-thumbnail g1_work_category-destacadas g1_work_category-villa-ohiggins g1-brief\">\n    <figure class=\"entry-featured-media hhh\" data-id=\"990\" data-big=\"https:\/\/rutaglaciares.cl\/portal\/wp-content\/uploads\/2015\/04\/IMG_2711.jpg\">\n<a href=\"https:\/\/rutaglaciares.cl\/portal\/?g1_work=24\" id=\"g1-frame-3\" class=\"g1-frame g1-frame--none g1-frame--inherit g1-frame--center \"><span class=\"g1-decorator\">\n\t\t\t\t<img width=\"239\" height=\"134\" src=\"https:\/\/rutaglaciares.cl\/portal\/wp-content\/uploads\/2015\/04\/IMG_2711-239x134.jpg\" class=\"attachment-g1_one_fourth size-g1_one_fourth wp-post-image\" alt=\"\" decoding=\"async\" loading=\"lazy\" srcset=\"https:\/\/rutaglaciares.cl\/portal\/wp-content\/uploads\/2015\/04\/IMG_2711-239x134.jpg 239w, https:\/\/rutaglaciares.cl\/portal\/wp-content\/uploads\/2015\/04\/IMG_2711-482x271.jpg 482w, https:\/\/rutaglaciares.cl\/portal\/wp-content\/uploads\/2015\/04\/IMG_2711-320x180.jpg 320w\" sizes=\"(max-width: 239px) 100vw, 239px\" \/>\n\t\t\t\t<span class=\"g1-indicator g1-indicator-document\"><\/span>\n<\/span><\/a>\n<\/figure>\n    <div class=\"g1-nonmedia\">\n        <div class=\"g1-inner\">\n            <header class=\"entry-header\">\n                <h3><a href=\"https:\/\/rutaglaciares.cl\/portal\/?g1_work=24\" title=\"Comuna de O\u00b4Higgins. Turistas en el mirador del Glaciar O\u2019Higgins\" >Comuna de O\u00b4Higgins. Turistas en el mirador del Glaciar O\u2019Higgins<\/a><\/h3>                            <\/header><!-- .entry-header -->\n\n            \n            <footer class=\"entry-footer\">\n                \n                            <\/footer><!-- .entry-footer -->\n        <\/div>\n        <div class=\"g1-01\"><\/div>\n    <\/div>\n\n<\/article><!-- .post-XX -->    <\/li><!-- --><li class=\"g1-collection__item\">\n        <article itemscope itemtype=\"http:\/\/schema.org\/BlogPosting\" id=\"post-972\" class=\"post-972 g1_work type-g1_work status-publish format-standard has-post-thumbnail g1_work_category-caleta-tortel g1_work_category-destacadas g1-brief\">\n    <figure class=\"entry-featured-media hhh\" data-id=\"972\" data-big=\"https:\/\/rutaglaciares.cl\/portal\/wp-content\/uploads\/2015\/04\/DSC04784.jpg\">\n<a href=\"https:\/\/rutaglaciares.cl\/portal\/?g1_work=8\" id=\"g1-frame-4\" class=\"g1-frame g1-frame--none g1-frame--inherit g1-frame--center \"><span class=\"g1-decorator\">\n\t\t\t\t<img width=\"239\" height=\"134\" src=\"https:\/\/rutaglaciares.cl\/portal\/wp-content\/uploads\/2015\/04\/DSC04784-239x134.jpg\" class=\"attachment-g1_one_fourth size-g1_one_fourth wp-post-image\" alt=\"\" decoding=\"async\" loading=\"lazy\" srcset=\"https:\/\/rutaglaciares.cl\/portal\/wp-content\/uploads\/2015\/04\/DSC04784-239x134.jpg 239w, https:\/\/rutaglaciares.cl\/portal\/wp-content\/uploads\/2015\/04\/DSC04784-482x271.jpg 482w, https:\/\/rutaglaciares.cl\/portal\/wp-content\/uploads\/2015\/04\/DSC04784-320x180.jpg 320w\" sizes=\"(max-width: 239px) 100vw, 239px\" \/>\n\t\t\t\t<span class=\"g1-indicator g1-indicator-document\"><\/span>\n<\/span><\/a>\n<\/figure>\n    <div class=\"g1-nonmedia\">\n        <div class=\"g1-inner\">\n            <header class=\"entry-header\">\n                <h3><a href=\"https:\/\/rutaglaciares.cl\/portal\/?g1_work=8\" title=\"Comuna de Tortel. Recreaci\u00f3n de las actividades madereras en fiesta costumbrista de Caleta Tortel, navegando en el rio Baker.  Demostraci\u00f3n de t\u00e9cnicas constructivas\" >Comuna de Tortel. Recreaci\u00f3n de las actividades madereras en fiesta costumbrista de Caleta Tortel, navegando en el rio Baker.  Demostraci\u00f3n de t\u00e9cnicas constructivas<\/a><\/h3>                            <\/header><!-- .entry-header -->\n\n            \n            <footer class=\"entry-footer\">\n                \n                            <\/footer><!-- .entry-footer -->\n        <\/div>\n        <div class=\"g1-01\"><\/div>\n    <\/div>\n\n<\/article><!-- .post-XX -->    <\/li><!-- --><li class=\"g1-collection__item\">\n        <article itemscope itemtype=\"http:\/\/schema.org\/BlogPosting\" id=\"post-982\" class=\"post-982 g1_work type-g1_work status-publish format-standard has-post-thumbnail g1_work_category-destacadas g1_work_category-villa-ohiggins g1-brief\">\n    <figure class=\"entry-featured-media hhh\" data-id=\"982\" data-big=\"https:\/\/rutaglaciares.cl\/portal\/wp-content\/uploads\/2015\/04\/IMG_2154.jpg\">\n<a href=\"https:\/\/rutaglaciares.cl\/portal\/?g1_work=18\" id=\"g1-frame-5\" class=\"g1-frame g1-frame--none g1-frame--inherit g1-frame--center \"><span class=\"g1-decorator\">\n\t\t\t\t<img width=\"239\" height=\"134\" src=\"https:\/\/rutaglaciares.cl\/portal\/wp-content\/uploads\/2015\/04\/IMG_2154-239x134.jpg\" class=\"attachment-g1_one_fourth size-g1_one_fourth wp-post-image\" alt=\"\" decoding=\"async\" loading=\"lazy\" srcset=\"https:\/\/rutaglaciares.cl\/portal\/wp-content\/uploads\/2015\/04\/IMG_2154-239x134.jpg 239w, https:\/\/rutaglaciares.cl\/portal\/wp-content\/uploads\/2015\/04\/IMG_2154-482x271.jpg 482w, https:\/\/rutaglaciares.cl\/portal\/wp-content\/uploads\/2015\/04\/IMG_2154-320x180.jpg 320w\" sizes=\"(max-width: 239px) 100vw, 239px\" \/>\n\t\t\t\t<span class=\"g1-indicator g1-indicator-document\"><\/span>\n<\/span><\/a>\n<\/figure>\n    <div class=\"g1-nonmedia\">\n        <div class=\"g1-inner\">\n            <header class=\"entry-header\">\n                <h3><a href=\"https:\/\/rutaglaciares.cl\/portal\/?g1_work=18\" title=\"Comuna de O\u00b4Higgins. Homenaje a La Pionera en la plaza de Villa O\u2019Higgins\" >Comuna de O\u00b4Higgins. Homenaje a La Pionera en la plaza de Villa O\u2019Higgins<\/a><\/h3>                            <\/header><!-- .entry-header -->\n\n            \n            <footer class=\"entry-footer\">\n                \n                            <\/footer><!-- .entry-footer -->\n        <\/div>\n        <div class=\"g1-01\"><\/div>\n    <\/div>\n\n<\/article><!-- .post-XX -->    <\/li><!-- --><li class=\"g1-collection__item\">\n        <article itemscope itemtype=\"http:\/\/schema.org\/BlogPosting\" id=\"post-983\" class=\"post-983 g1_work type-g1_work status-publish format-standard has-post-thumbnail g1_work_category-caleta-tortel g1_work_category-destacadas g1-brief\">\n    <figure class=\"entry-featured-media hhh\" data-id=\"983\" data-big=\"https:\/\/rutaglaciares.cl\/portal\/wp-content\/uploads\/2015\/04\/IMG_2350.jpg\">\n<a href=\"https:\/\/rutaglaciares.cl\/portal\/?g1_work=19\" id=\"g1-frame-6\" class=\"g1-frame g1-frame--none g1-frame--inherit g1-frame--center \"><span class=\"g1-decorator\">\n\t\t\t\t<img width=\"239\" height=\"134\" src=\"https:\/\/rutaglaciares.cl\/portal\/wp-content\/uploads\/2015\/04\/IMG_2350-239x134.jpg\" class=\"attachment-g1_one_fourth size-g1_one_fourth wp-post-image\" alt=\"\" decoding=\"async\" loading=\"lazy\" srcset=\"https:\/\/rutaglaciares.cl\/portal\/wp-content\/uploads\/2015\/04\/IMG_2350-239x134.jpg 239w, https:\/\/rutaglaciares.cl\/portal\/wp-content\/uploads\/2015\/04\/IMG_2350-482x271.jpg 482w, https:\/\/rutaglaciares.cl\/portal\/wp-content\/uploads\/2015\/04\/IMG_2350-320x180.jpg 320w\" sizes=\"(max-width: 239px) 100vw, 239px\" \/>\n\t\t\t\t<span class=\"g1-indicator g1-indicator-document\"><\/span>\n<\/span><\/a>\n<\/figure>\n    <div class=\"g1-nonmedia\">\n        <div class=\"g1-inner\">\n            <header class=\"entry-header\">\n                <h3><a href=\"https:\/\/rutaglaciares.cl\/portal\/?g1_work=19\" title=\"Comuna de Tortel. Escultura en madera, conmemorativa de los kaweskar, antiguos canoeros de los canales australes, plaza Kawaskar, en Caleta Tortel\" >Comuna de Tortel. Escultura en madera, conmemorativa de los kaweskar, antiguos canoeros de los canales australes, plaza Kawaskar, en Caleta Tortel<\/a><\/h3>                            <\/header><!-- .entry-header -->\n\n            \n            <footer class=\"entry-footer\">\n                \n                            <\/footer><!-- .entry-footer -->\n        <\/div>\n        <div class=\"g1-01\"><\/div>\n    <\/div>\n\n<\/article><!-- .post-XX -->    <\/li><!-- --><li class=\"g1-collection__item\">\n        <article itemscope itemtype=\"http:\/\/schema.org\/BlogPosting\" id=\"post-893\" class=\"post-893 g1_work type-g1_work status-publish format-standard has-post-thumbnail g1_work_category-destacadas g1_work_category-villa-ohiggins g1-brief\">\n    <figure class=\"entry-featured-media hhh\" data-id=\"893\" data-big=\"https:\/\/rutaglaciares.cl\/portal\/wp-content\/uploads\/2015\/04\/Campo-de-Hielo-Sur.jpg\">\n<a href=\"https:\/\/rutaglaciares.cl\/portal\/?g1_work=893\" id=\"g1-frame-7\" class=\"g1-frame g1-frame--none g1-frame--inherit g1-frame--center \"><span class=\"g1-decorator\">\n\t\t\t\t<img width=\"239\" height=\"134\" src=\"https:\/\/rutaglaciares.cl\/portal\/wp-content\/uploads\/2015\/04\/Campo-de-Hielo-Sur-239x134.jpg\" class=\"attachment-g1_one_fourth size-g1_one_fourth wp-post-image\" alt=\"\" decoding=\"async\" loading=\"lazy\" srcset=\"https:\/\/rutaglaciares.cl\/portal\/wp-content\/uploads\/2015\/04\/Campo-de-Hielo-Sur-239x134.jpg 239w, https:\/\/rutaglaciares.cl\/portal\/wp-content\/uploads\/2015\/04\/Campo-de-Hielo-Sur-482x271.jpg 482w, https:\/\/rutaglaciares.cl\/portal\/wp-content\/uploads\/2015\/04\/Campo-de-Hielo-Sur-320x180.jpg 320w\" sizes=\"(max-width: 239px) 100vw, 239px\" \/>\n\t\t\t\t<span class=\"g1-indicator g1-indicator-document\"><\/span>\n<\/span><\/a>\n<\/figure>\n    <div class=\"g1-nonmedia\">\n        <div class=\"g1-inner\">\n            <header class=\"entry-header\">\n                <h3><a href=\"https:\/\/rutaglaciares.cl\/portal\/?g1_work=893\" title=\"Comuna de O&#8217;Higgins. Guardaparque de CONAF en Campos de Hielo Sur, al interior del P. N. Bernardo O\u2019Higgins\" >Comuna de O&#8217;Higgins. Guardaparque de CONAF en Campos de Hielo Sur, al interior del P. N. Bernardo O\u2019Higgins<\/a><\/h3>                            <\/header><!-- .entry-header -->\n\n            \n            <footer class=\"entry-footer\">\n                \n                            <\/footer><!-- .entry-footer -->\n        <\/div>\n        <div class=\"g1-01\"><\/div>\n    <\/div>\n\n<\/article><!-- .post-XX -->    <\/li><!-- --><li class=\"g1-collection__item\">\n        <article itemscope itemtype=\"http:\/\/schema.org\/BlogPosting\" id=\"post-151\" class=\"post-151 g1_work type-g1_work status-publish format-standard has-post-thumbnail g1_work_category-destacadas g1_work_category-villa-ohiggins g1-brief\">\n    <figure class=\"entry-featured-media hhh\" data-id=\"151\" data-big=\"https:\/\/rutaglaciares.cl\/portal\/wp-content\/uploads\/2015\/03\/img_2210.jpg\">\n<a href=\"https:\/\/rutaglaciares.cl\/portal\/?g1_work=huemul-avistado-desde-zona-de-rio-bravo\" id=\"g1-frame-8\" class=\"g1-frame g1-frame--none g1-frame--inherit g1-frame--center \"><span class=\"g1-decorator\">\n\t\t\t\t<img width=\"239\" height=\"134\" src=\"https:\/\/rutaglaciares.cl\/portal\/wp-content\/uploads\/2015\/03\/img_2210-239x134.jpg\" class=\"attachment-g1_one_fourth size-g1_one_fourth wp-post-image\" alt=\"\" decoding=\"async\" loading=\"lazy\" srcset=\"https:\/\/rutaglaciares.cl\/portal\/wp-content\/uploads\/2015\/03\/img_2210-239x134.jpg 239w, https:\/\/rutaglaciares.cl\/portal\/wp-content\/uploads\/2015\/03\/img_2210-482x271.jpg 482w, https:\/\/rutaglaciares.cl\/portal\/wp-content\/uploads\/2015\/03\/img_2210-320x180.jpg 320w\" sizes=\"(max-width: 239px) 100vw, 239px\" \/>\n\t\t\t\t<span class=\"g1-indicator g1-indicator-document\"><\/span>\n<\/span><\/a>\n<\/figure>\n    <div class=\"g1-nonmedia\">\n        <div class=\"g1-inner\">\n            <header class=\"entry-header\">\n                <h3><a href=\"https:\/\/rutaglaciares.cl\/portal\/?g1_work=huemul-avistado-desde-zona-de-rio-bravo\" title=\"Comuna de O\u00b4Higgins. Huemul hembra, avistado en las cercan\u00edas de R\u00edo Bravo, camino a Villa O\u2019Higgins\" >Comuna de O\u00b4Higgins. Huemul hembra, avistado en las cercan\u00edas de R\u00edo Bravo, camino a Villa O\u2019Higgins<\/a><\/h3>                            <\/header><!-- .entry-header -->\n\n            \n            <footer class=\"entry-footer\">\n                \n                            <\/footer><!-- .entry-footer -->\n        <\/div>\n        <div class=\"g1-01\"><\/div>\n    <\/div>\n\n<\/article><!-- .post-XX -->    <\/li><!-- --><\/ul>\n<\/div>\n<!-- END: .g1-collection -->\n\n<\/div>\n<p><a href=\"http:\/\/rutaglaciares.cl\/portal\/?page_id=11\"><img decoding=\"async\" loading=\"lazy\" class=\"alignnone size-full wp-image-98\" src=\"http:\/\/rutaglaciares.cl\/portal\/wp-content\/uploads\/2015\/03\/rutas.png\" alt=\"rutas\" width=\"1100\" height=\"303\" srcset=\"https:\/\/rutaglaciares.cl\/portal\/wp-content\/uploads\/2015\/03\/rutas.png 1100w, https:\/\/rutaglaciares.cl\/portal\/wp-content\/uploads\/2015\/03\/rutas-300x82.png 300w, https:\/\/rutaglaciares.cl\/portal\/wp-content\/uploads\/2015\/03\/rutas-1024x282.png 1024w, https:\/\/rutaglaciares.cl\/portal\/wp-content\/uploads\/2015\/03\/rutas-968x266.png 968w, https:\/\/rutaglaciares.cl\/portal\/wp-content\/uploads\/2015\/03\/rutas-636x175.png 636w, https:\/\/rutaglaciares.cl\/portal\/wp-content\/uploads\/2015\/03\/rutas-320x88.png 320w, https:\/\/rutaglaciares.cl\/portal\/wp-content\/uploads\/2015\/03\/rutas-239x65.png 239w\" sizes=\"(max-width: 1100px) 100vw, 1100px\" \/><\/a><\/p>\n<ul class=\"g1-grid\"><li class=\"g1-column g1-one-half g1-valign-top\">\n<p><a href=\"http:\/\/rutaglaciares.cl\/portal\/wp-content\/uploads\/2016\/01\/Codigo-de-Etica-Mundial-del-Turismo.pdf\" target=\"_blank\"><img decoding=\"async\" class=\"alignleft\" src=\"http:\/\/rutaglaciares.cl\/portal\/wp-content\/uploads\/2016\/01\/codido_etica_turismo.png\" alt=\"\" \/><\/a><\/p>\n<\/li><!-- -->\n<li class=\"g1-column g1-one-half g1-valign-top\">\n<p><a href=\"http:\/\/www.sename.cl\/wsename\/estructuras.php?name=Content&amp;pa=showpage&amp;pid=166\" target=\"_blank\"><img decoding=\"async\" class=\"alignright\" src=\"http:\/\/rutaglaciares.cl\/portal\/wp-content\/uploads\/2016\/01\/secual.png\" alt=\"\" \/><\/a><\/p>\n<\/li><!-- --><\/ul>\n","protected":false},"excerpt":{"rendered":"<p>Atr\u00e9vete, descubre y vive una experiencia de turismo en la Patagonia Chilena Ver\u00a0Galer\u00eda de Im\u00e1genes<\/p>\n","protected":false},"author":1,"featured_media":0,"parent":0,"menu_order":0,"comment_status":"closed","ping_status":"closed","template":"","meta":[],"_links":{"self":[{"href":"https:\/\/rutaglaciares.cl\/portal\/index.php?rest_route=\/wp\/v2\/pages\/9"}],"collection":[{"href":"https:\/\/rutaglaciares.cl\/portal\/index.php?rest_route=\/wp\/v2\/pages"}],"about":[{"href":"https:\/\/rutaglaciares.cl\/portal\/index.php?rest_route=\/wp\/v2\/types\/page"}],"author":[{"embeddable":true,"href":"https:\/\/rutaglaciares.cl\/portal\/index.php?rest_route=\/wp\/v2\/users\/1"}],"replies":[{"embeddable":true,"href":"https:\/\/rutaglaciares.cl\/portal\/index.php?rest_route=%2Fwp%2Fv2%2Fcomments&post=9"}],"version-history":[{"count":74,"href":"https:\/\/rutaglaciares.cl\/portal\/index.php?rest_route=\/wp\/v2\/pages\/9\/revisions"}],"predecessor-version":[{"id":2438,"href":"https:\/\/rutaglaciares.cl\/portal\/index.php?rest_route=\/wp\/v2\/pages\/9\/revisions\/2438"}],"wp:attachment":[{"href":"https:\/\/rutaglaciares.cl\/portal\/index.php?rest_route=%2Fwp%2Fv2%2Fmedia&parent=9"}],"curies":[{"name":"wp","href":"https:\/\/api.w.org\/{rel}","templated":true}]}}