{"id":1500,"date":"2015-05-05T04:59:21","date_gmt":"2015-05-05T04:59:21","guid":{"rendered":"http:\/\/rutaglaciares.cl\/portal\/?page_id=1500"},"modified":"2015-05-06T13:37:20","modified_gmt":"2015-05-06T13:37:20","slug":"nodo-turismo-de-calidad","status":"publish","type":"page","link":"https:\/\/rutaglaciares.cl\/portal\/?page_id=1500","title":{"rendered":"NODO Turismo de Calidad"},"content":{"rendered":"<p style=\"text-align: justify;\"><strong><br \/>\n<a href=\"http:\/\/rutaglaciares.cl\/portal\/wp-content\/uploads\/2015\/05\/turismo_de-calidad_angosta.png\"><img decoding=\"async\" loading=\"lazy\" class=\"alignleft size-full wp-image-1515\" src=\"http:\/\/rutaglaciares.cl\/portal\/wp-content\/uploads\/2015\/05\/turismo_de-calidad_angosta.png\" alt=\"turismo_de-calidad_angosta\" width=\"600\" height=\"212\" srcset=\"https:\/\/rutaglaciares.cl\/portal\/wp-content\/uploads\/2015\/05\/turismo_de-calidad_angosta.png 600w, https:\/\/rutaglaciares.cl\/portal\/wp-content\/uploads\/2015\/05\/turismo_de-calidad_angosta-300x106.png 300w, https:\/\/rutaglaciares.cl\/portal\/wp-content\/uploads\/2015\/05\/turismo_de-calidad_angosta-320x113.png 320w, https:\/\/rutaglaciares.cl\/portal\/wp-content\/uploads\/2015\/05\/turismo_de-calidad_angosta-239x84.png 239w\" sizes=\"(max-width: 600px) 100vw, 600px\" \/><\/a><\/strong><\/p>\n<p style=\"text-align: justify;\">\n<p style=\"text-align: justify;\"><strong>\u00bfQU\u00c9 ES EL NODO?<\/strong><\/p>\n<p style=\"text-align: justify;\">El programa NODO para la competitividad, es un financiamiento de CORFO que tiene como objetivo general, crear y articular redes entre emprendedores y peque\u00f1os empresarios impulsando la colaboraci\u00f3n entre pares, la vinculaci\u00f3n con actores relevantes de la industria y con diferentes fuentes de informaci\u00f3n, contribuyendo as\u00ed a mejorar la rentabilidad de cada empresario.<\/p>\n<p style=\"text-align: justify;\">\n<p style=\"text-align: justify;\">\n<p style=\"text-align: justify;\"><strong>OBJETIVO NODO TURISMO DE CALIDAD<\/strong><\/p>\n<p style=\"text-align: justify;\">Articular una <strong>red tur\u00edstica empresarial<\/strong>, basada en la <strong>calidad <\/strong>de la prestaci\u00f3n de los servicios de alojamiento preferentemente de las comunas de Santiago y Providencia, por medio de la <strong>implementaci\u00f3n de est\u00e1ndares empresariales<\/strong> basados en normativas nacionales tur\u00edsticas, y \u00e1mbitos de sustentabilidad, junto con la aplicaci\u00f3n de modelos colaborativos de trabajo y difusi\u00f3n.<\/p>\n<p style=\"text-align: justify;\">En base a ello es que Universidad Tecnol\u00f3gica Metropolitana se propone generar un modelo de apoyo, que permita la auto implementaci\u00f3n de est\u00e1ndares de calidad en los establecimientos de alojamiento tur\u00edstico, a trav\u00e9s de la formaci\u00f3n de <strong>L\u00edderes de Calidad tur\u00edstica<\/strong> y actividades de <strong>vinculaci\u00f3n<\/strong> y <strong>relaci\u00f3n con sus pares y el entorno<\/strong>.<\/p>\n<p style=\"text-align: justify;\"><strong>EMPRESARIOS BENEFICIARIOS<\/strong><\/p>\n<p style=\"text-align: justify;\">El grupo objetivo a fortalecer corresponden a peque\u00f1as y medianas empresas que ofrezcan alojamiento tur\u00edstico en la Regi\u00f3n Metropolitana (tales como: hoteles, hostales, bed &amp; breakfast, hostel y residenciales), que a\u00fan no se encuentren certificadas bajo las normas chilenas de turismo respectivas y que evidencien brechas tanto en requerimientos relacionados como en otros que afecten el nivel de servicio.<\/p>\n<p style=\"text-align: justify;\">Se comenzar\u00e1 trabajando en actividades de diagn\u00f3stico con<strong> 60<\/strong> empresas que se encuentren registradas e inspeccionadas previamente por\u00a0 SERNATUR, de las cuales ser\u00e1n seleccionadas <strong>40 de ellas como beneficiarios atendidos<\/strong>, a fin de clasificar a aquellas que realmente tengan m\u00e9rito de participar en el programa y que se visualice puedan aplicar de manera eficiente la metodolog\u00eda de auto-implementaci\u00f3n de normativas de calidad en las empresas.<\/p>\n<p style=\"text-align: justify;\"><strong>ACTIVIDADES A REALIZAR<\/strong><\/p>\n<p style=\"text-align: justify;\">El proyecto busca instalar capacidades y habilidades en empresarios mediante el desarrollo de un programa de actividades para nivelar a los participantes en tem\u00e1ticas de calidad y habilidades empresariales, considerando los siguientes objetivos espec\u00edficos:<\/p>\n<ol style=\"text-align: justify;\">\n<li>Identificar y evaluar el nivel de calidad de las empresas de alojamiento tur\u00edstico beneficiarias, para la determinaci\u00f3n de brechas individuales y comunes.<\/li>\n<li>Aumentar los niveles de calidad de los beneficiarios atendidos, mediante la incorporaci\u00f3n de capacidades, competencias y herramientas a l\u00edderes empresariales, a fin de mejorar su competitividad.<\/li>\n<li>Facilitar y apoyar la conexi\u00f3n y vinculaci\u00f3n del grupo de empresarios entre sus pares y con el entorno, como fuente de creaci\u00f3n de valor y nuevos negocios.<\/li>\n<\/ol>\n<p style=\"text-align: justify;\">Todo lo cual se lograr\u00e1 a trav\u00e9s de talleres y asesor\u00edas de entrenamiento empresarial; charlas y asesor\u00edas sobre instrumentos de fomento; desarrollo de herramientas de vinculaci\u00f3n; mesa p\u00fablico \u2013 privada del sector turismo; y eventos masivos.<\/p>\n<p style=\"text-align: justify;\"><strong>BENEFICIOS \u00a0<\/strong><\/p>\n<ul style=\"text-align: justify;\">\n<li>Participar gratuitamente de las actividades mencionadas para potenciar sus negocios.<\/li>\n<\/ul>\n<ul style=\"text-align: justify;\">\n<li>Incorporar mejoras en su gesti\u00f3n, niveles de calidad y competitividad en sus empresas.<\/li>\n<li>Acceder a redes y alianzas como consecuencia de su participaci\u00f3n.<\/li>\n<li>Adjudicaci\u00f3n de nuevos proyectos durante la ejecuci\u00f3n del NODO.<\/li>\n<\/ul>\n<p style=\"text-align: justify;\">\n<p style=\"text-align: justify;\"><strong>CONTACTO: <\/strong>nodo@lideresenturismo.cl<\/p>\n","protected":false},"excerpt":{"rendered":"<p>\u00bfQU\u00c9 ES EL NODO? El programa NODO para la competitividad, es un financiamiento de CORFO que tiene como objetivo general, crear y articular redes entre emprendedores y peque\u00f1os empresarios impulsando la colaboraci\u00f3n entre pares, la vinculaci\u00f3n con actores relevantes de la industria y con diferentes fuentes de informaci\u00f3n, contribuyendo as\u00ed a mejorar la rentabilidad de [&hellip;]<\/p>\n","protected":false},"author":1,"featured_media":0,"parent":0,"menu_order":0,"comment_status":"closed","ping_status":"closed","template":"g1_template_page_sidebar_right.php","meta":[],"_links":{"self":[{"href":"https:\/\/rutaglaciares.cl\/portal\/index.php?rest_route=\/wp\/v2\/pages\/1500"}],"collection":[{"href":"https:\/\/rutaglaciares.cl\/portal\/index.php?rest_route=\/wp\/v2\/pages"}],"about":[{"href":"https:\/\/rutaglaciares.cl\/portal\/index.php?rest_route=\/wp\/v2\/types\/page"}],"author":[{"embeddable":true,"href":"https:\/\/rutaglaciares.cl\/portal\/index.php?rest_route=\/wp\/v2\/users\/1"}],"replies":[{"embeddable":true,"href":"https:\/\/rutaglaciares.cl\/portal\/index.php?rest_route=%2Fwp%2Fv2%2Fcomments&post=1500"}],"version-history":[{"count":5,"href":"https:\/\/rutaglaciares.cl\/portal\/index.php?rest_route=\/wp\/v2\/pages\/1500\/revisions"}],"predecessor-version":[{"id":1516,"href":"https:\/\/rutaglaciares.cl\/portal\/index.php?rest_route=\/wp\/v2\/pages\/1500\/revisions\/1516"}],"wp:attachment":[{"href":"https:\/\/rutaglaciares.cl\/portal\/index.php?rest_route=%2Fwp%2Fv2%2Fmedia&parent=1500"}],"curies":[{"name":"wp","href":"https:\/\/api.w.org\/{rel}","templated":true}]}}