{"id":11,"date":"2015-03-22T19:09:41","date_gmt":"2015-03-22T19:09:41","guid":{"rendered":"http:\/\/rutaglaciares.cl\/portal\/?page_id=11"},"modified":"2016-01-04T16:48:14","modified_gmt":"2016-01-04T16:48:14","slug":"rutas","status":"publish","type":"page","link":"https:\/\/rutaglaciares.cl\/portal\/?page_id=11","title":{"rendered":"Proyecto Ruta Glaciares"},"content":{"rendered":"<ul class=\"g1-grid\"><li class=\"g1-column g1-three-fifth g1-valign-top\">\n<p style=\"text-align: justify;\">RUTA GLACIARES\u00a0nace del proyecto \u201cFortalecimiento de la competitividad de la Oferta Tur\u00edstica a trav\u00e9s del desarrollo de Productos Tur\u00edsticos de Intereses Especiales, comunas de Tortel y O\u2019Higgins, Provincia Capit\u00e1n Prat, XI Regi\u00f3n de Ays\u00e9n, C\u00f3digo: 13NODO-25355-2\u201d.<\/p>\n<p style=\"text-align: justify;\">La Universidad Tecnol\u00f3gica Metropolitana a trav\u00e9s del trabajo que realiza en funci\u00f3n de los convenios marco de colaboraci\u00f3n con la CORFO y los municipios de O\u2019Higgins y Tortel entre otros, ha logrado la aprobaci\u00f3n de una iniciativa en la Provincia Capit\u00e1n Prat, apoyado por CORFO, que tiene como finalidad valorizar territorios despoblados en zonas extremas, entregando argumentos de soberan\u00eda territorial a trav\u00e9s del trabajo con las comunidades locales, tomando Campo de Hielo Sur para convertirlo, a trav\u00e9s de mecanismos, en un activo para la comunidad.<\/p>\n<p style=\"text-align: justify;\">Para esto, se trabajara con un \u201cNODO para la Competitividad\u201d, programa que tiene una duraci\u00f3n de 24 meses a partir de enero de 2014 y que tiene como beneficiarios a mas de 55 micro y peque\u00f1as empresas de las comunas de O\u2019Higgins y Tortel, las cuales reciben\u00a0capacitaciones, acceso a redes y asesor\u00edas para incorporarse en la oferta tur\u00edstica, para el desarrollo de productos tur\u00edsticos que involucran a Campo de Hielo Sur.<\/p>\n<p style=\"text-align: justify;\">Objetivo del Proyecto:<\/p>\n<p style=\"text-align: justify;\">Dise\u00f1ar y comenzar la operaci\u00f3n productos tur\u00edsticos sustentables entorno al turismo de intereses especiales en las comunas de Tortel y O\u00b4Higgins, beneficiando a los actores locales y dinamizando el crecimiento socio-econ\u00f3mico del destino a trav\u00e9s del mejoramiento de la competitividad de las empresas de menor tama\u00f1o y mejorando el acceso a redes de trabajo, promoci\u00f3n y comercializaci\u00f3n.<\/p>\n<p style=\"text-align: justify;\">Resumen del Proyecto: El presente proyecto responde a la oportunidad estrat\u00e9gica que poseen las comunas de Tortel y O\u2019Higgins (Provincia de Capit\u00e1n Prat, Regi\u00f3n de Ays\u00e9n), dada su ubicaci\u00f3n dentro del contexto territorial regional; esto si bien representan desde algunos puntos de vista una situaci\u00f3n de marginalidad log\u00edstica y operativa respecto a su distancia desde la capital regional, presenta desde el punto de vista de la actividad tur\u00edstica, una serie de elementos favorables para el desarrollo de productos tur\u00edsticos orientados al turismo de intereses especiales de alto est\u00e1ndar, como al mismo tiempo dado el patrimonio natural y cultural presente en esta zona, permitiendo suponer la conformaci\u00f3n de un destino tur\u00edstico caracterizado por el desarrollo de actividades tales como: Turismo de Monta\u00f1a, Eco-turismo, Turismo Aventura y Turismo Cient\u00edfico, entre otros.<\/p>\n<p style=\"text-align: justify;\">Cumpliendo con uno de sus objetivos espec\u00edficos de este proyecto, se dise\u00f1o la imagen de marca de los productos (rutas y\/o circuitos) de turismo de intereses especiales, reunidos en \u201cRUTAGLACIARES\u201d, con el fin de promocionar, y as\u00ed posicionar una oferta integral, logrando integrar y articular las redes necesarias para una comunicaci\u00f3n efectiva.<\/p>\n<\/li><!-- -->\n<li class=\"g1-column g1-two-fifth g1-valign-top\">\n<h2>O&#8217;Higgins<\/h2>\n<p><iframe loading=\"lazy\" src=\"https:\/\/www.google.com\/maps\/d\/u\/0\/embed?mid=z8w27VUd3yto.k25tlciVC78s\" width=\"380\" height=\"285\"><\/iframe><\/p>\n<h2>Tortel<\/h2>\n<p><iframe loading=\"lazy\" src=\"https:\/\/www.google.com\/maps\/d\/u\/0\/embed?mid=z8w27VUd3yto.k0wp2-B9RlaA\" width=\"380\" height=\"285\"><\/iframe><\/p>\n<h2 id=\"u4466-4\" style=\"text-align: justify;\">Cochrane<\/h2>\n<p><iframe loading=\"lazy\" src=\"https:\/\/www.google.com\/maps\/d\/u\/0\/embed?mid=z8w27VUd3yto.kjHh_V9VqUFo\" width=\"380\" height=\"285\"><\/iframe><\/p>\n<\/li><!-- --><\/ul>\n","protected":false},"excerpt":{"rendered":"","protected":false},"author":1,"featured_media":0,"parent":0,"menu_order":0,"comment_status":"closed","ping_status":"closed","template":"","meta":[],"_links":{"self":[{"href":"https:\/\/rutaglaciares.cl\/portal\/index.php?rest_route=\/wp\/v2\/pages\/11"}],"collection":[{"href":"https:\/\/rutaglaciares.cl\/portal\/index.php?rest_route=\/wp\/v2\/pages"}],"about":[{"href":"https:\/\/rutaglaciares.cl\/portal\/index.php?rest_route=\/wp\/v2\/types\/page"}],"author":[{"embeddable":true,"href":"https:\/\/rutaglaciares.cl\/portal\/index.php?rest_route=\/wp\/v2\/users\/1"}],"replies":[{"embeddable":true,"href":"https:\/\/rutaglaciares.cl\/portal\/index.php?rest_route=%2Fwp%2Fv2%2Fcomments&post=11"}],"version-history":[{"count":20,"href":"https:\/\/rutaglaciares.cl\/portal\/index.php?rest_route=\/wp\/v2\/pages\/11\/revisions"}],"predecessor-version":[{"id":2257,"href":"https:\/\/rutaglaciares.cl\/portal\/index.php?rest_route=\/wp\/v2\/pages\/11\/revisions\/2257"}],"wp:attachment":[{"href":"https:\/\/rutaglaciares.cl\/portal\/index.php?rest_route=%2Fwp%2Fv2%2Fmedia&parent=11"}],"curies":[{"name":"wp","href":"https:\/\/api.w.org\/{rel}","templated":true}]}}